{"id":17,"date":"2016-01-07T14:10:05","date_gmt":"2016-01-07T14:10:05","guid":{"rendered":"http:\/\/myriamferron.com\/?page_id=17"},"modified":"2025-06-16T11:31:52","modified_gmt":"2025-06-16T11:31:52","slug":"a-propos","status":"publish","type":"page","link":"https:\/\/myriamferron.com\/index.php\/a-propos\/","title":{"rendered":"A propos"},"content":{"rendered":"<p style=\"text-align: center;\">Vous\u00a0souffrez de douleurs, de migraines, de troubles digestifs ?<br \/>Peut-\u00eatre d&rsquo;insomnies, d&rsquo;angoisses, de stress, de perte d&rsquo;\u00e9nergie ?<br \/><br \/>Vous ne vous sentez pas bien dans votre corps et votre t\u00eate ?<br \/>Vous souhaitez trouver une solution naturelle\u00a0?<br \/><br \/>Vous voulez changer quelque chose dans votre vie ?<\/p>\n<p><img loading=\"lazy\" decoding=\"async\" class=\"wp-image-328 alignleft\" src=\"https:\/\/myriamferron.com\/wp-content\/uploads\/2016\/01\/DSC1751-2-200x300.jpg\" alt=\"_dsc1751\" width=\"127\" height=\"191\" srcset=\"https:\/\/myriamferron.com\/wp-content\/uploads\/2016\/01\/DSC1751-2-200x300.jpg 200w, https:\/\/myriamferron.com\/wp-content\/uploads\/2016\/01\/DSC1751-2.jpg 299w\" sizes=\"auto, (max-width: 127px) 100vw, 127px\" \/>Je suis <b>Myriam Ferron<\/b>, <strong>R\u00e9flexologue &#8211; Titre RNCP* et apporteuse de bien-vivre<\/strong><\/p>\n<p>Je vous accompagne dans votre recherche de bien-\u00eatre et de bien-vivre en soulageant vos douleurs, en \u00e9liminant des troubles et en favorisant l&rsquo;\u00e9quilibre du m\u00e9tabolisme par des soins en r\u00e9flexologie et des conseils et techniques th\u00e9rapeutiques.<\/p>\n<p><strong>Une exp\u00e9rience, du sens&#8230;<br \/><\/strong>\u00a0\u201cJe suis arriv\u00e9e \u00e0 cette technique fabuleuse qu&rsquo;est la r\u00e9flexologie apr\u00e8s des ann\u00e9es en tant que Responsable Communication en entreprise et en agence. La vie m\u2019a amen\u00e9e des \u00e9v\u00e8nements douloureux. Certains se sont traduits par des probl\u00e8mes de sant\u00e9 qui m\u2019ont fait comprendre leur origine : ma tr\u00e8s mauvaise gestion du stress. J\u2019ai compris que notre mental est tr\u00e8s puissant, que <strong>notre corps parle<\/strong>, parfois m\u00eame tr\u00e8s violemment et de fa\u00e7on insupportable. J&rsquo;ai souhait\u00e9 transmettre mon exp\u00e9rience et ma compr\u00e9hension des manifestations de vie en exer\u00e7ant une activit\u00e9 de soin et d&rsquo;accompagnement aupr\u00e8s de personnes qui recherchent du bien-\u00eatre, un l\u00e2cher prise et la joie de vivre&#8230;\u00a0\u00bb.<\/p>\n<p>Mon accompagnement se fait par des soins en r\u00e9flexologie mais \u00e9galement par des conseils, outils\/actions \u00e0 mettre en place pour un changement. J&rsquo;adore la citation d&rsquo;Albert Einstein \u00ab\u00a0La folie, c&rsquo;est de faire toujours la m\u00eame chose et de s&rsquo;attendre \u00e0 un r\u00e9sultat diff\u00e9rent\u00a0\u00bb !<br \/><br \/><\/p>\n<p>. Je suis certifi\u00e9e en <span style=\"color: #c79c1a;\"><strong><a style=\"color: #c79c1a;\" href=\"https:\/\/myriamferron.com\/index.php\/soins-et-tarifs\/\" target=\"_blank\" rel=\"noopener noreferrer\">r\u00e9flexologie plantaire, palmaire, faciale et cr\u00e2nienne et un soin relaxant du dos\u00a0<\/a><br \/><\/strong><\/span><br \/>* reconnue par l&rsquo;Etat par la certification \u00ab R\u00e9flexologue \u2013 Titre RNCP\u00a0\u00bb en 2014, de l\u2019Ecole Elisabeth Breton (RNCP = R\u00e9pertoire National de la Certification Professionnelle)\u00a0<\/p>\n<p>. Sp\u00e9cialis\u00e9e en gestion du stress<br \/><br \/>. Je continue \u00e0 me former et \u00e0 \u00e9voluer dans le d\u00e9veloppement personnel avec connaissances de diff\u00e9rentes techniques comportementales et cognitives comme la visualisation mentale&#8230;<br \/><br \/>. En formation Enn\u00e9agramme : syst\u00e8me d&rsquo;\u00e9tude de la personnalit\u00e9 au CEE<br \/><br \/>. Membre du <em><strong><a href=\"https:\/\/syndicat-reflexologues.com\/\" target=\"_blank\" rel=\"noopener noreferrer\">Syndicat Professionnel des R\u00e9flexologues <\/a><\/strong><a href=\"https:\/\/syndicat-reflexologues.com\/\" target=\"_blank\" rel=\"noopener noreferrer\">(SPR)<\/a><\/em><\/p>\n\n\n<p><\/p>\n\n\n\n<p><\/p>\n","protected":false},"excerpt":{"rendered":"<p>Vous\u00a0souffrez de douleurs, de migraines, de troubles digestifs ?Peut-\u00eatre d&rsquo;insomnies, d&rsquo;angoisses, de stress, de perte d&rsquo;\u00e9nergie ? Vous ne vous sentez pas bien dans votre corps et votre t\u00eate ?Vous souhaitez trouver une solution naturelle\u00a0? Vous voulez changer quelque chose dans votre vie ? Je suis Myriam Ferron, R\u00e9flexologue &#8211; Titre RNCP* et apporteuse de [&hellip;]<\/p>\n","protected":false},"author":1,"featured_media":0,"parent":0,"menu_order":0,"comment_status":"closed","ping_status":"closed","template":"","meta":{"footnotes":""},"class_list":["post-17","page","type-page","status-publish","hentry"],"_links":{"self":[{"href":"https:\/\/myriamferron.com\/index.php\/wp-json\/wp\/v2\/pages\/17","targetHints":{"allow":["GET"]}}],"collection":[{"href":"https:\/\/myriamferron.com\/index.php\/wp-json\/wp\/v2\/pages"}],"about":[{"href":"https:\/\/myriamferron.com\/index.php\/wp-json\/wp\/v2\/types\/page"}],"author":[{"embeddable":true,"href":"https:\/\/myriamferron.com\/index.php\/wp-json\/wp\/v2\/users\/1"}],"replies":[{"embeddable":true,"href":"https:\/\/myriamferron.com\/index.php\/wp-json\/wp\/v2\/comments?post=17"}],"version-history":[{"count":21,"href":"https:\/\/myriamferron.com\/index.php\/wp-json\/wp\/v2\/pages\/17\/revisions"}],"predecessor-version":[{"id":1462,"href":"https:\/\/myriamferron.com\/index.php\/wp-json\/wp\/v2\/pages\/17\/revisions\/1462"}],"wp:attachment":[{"href":"https:\/\/myriamferron.com\/index.php\/wp-json\/wp\/v2\/media?parent=17"}],"curies":[{"name":"wp","href":"https:\/\/api.w.org\/{rel}","templated":true}]}}