{"id":524,"date":"2018-01-04T18:39:12","date_gmt":"2018-01-04T18:39:12","guid":{"rendered":"http:\/\/myriamferron.com\/?page_id=524"},"modified":"2022-11-15T11:19:52","modified_gmt":"2022-11-15T11:19:52","slug":"bien-etre-dans-lentreprise","status":"publish","type":"page","link":"https:\/\/myriamferron.com\/index.php\/bien-etre-dans-lentreprise\/","title":{"rendered":"Bien-\u00eatre dans l&rsquo;entreprise"},"content":{"rendered":"<div class=\"wp-block-image\">\n<figure class=\"aligncenter size-full is-resized\"><img loading=\"lazy\" decoding=\"async\" src=\"https:\/\/myriamferron.com\/wp-content\/uploads\/2022\/11\/1-p-ese.jpg\" alt=\"\" class=\"wp-image-1292\" width=\"504\" height=\"379\" srcset=\"https:\/\/myriamferron.com\/wp-content\/uploads\/2022\/11\/1-p-ese.jpg 960w, https:\/\/myriamferron.com\/wp-content\/uploads\/2022\/11\/1-p-ese-300x225.jpg 300w, https:\/\/myriamferron.com\/wp-content\/uploads\/2022\/11\/1-p-ese-768x576.jpg 768w, https:\/\/myriamferron.com\/wp-content\/uploads\/2022\/11\/1-p-ese-952x714.jpg 952w, https:\/\/myriamferron.com\/wp-content\/uploads\/2022\/11\/1-p-ese-919x689.jpg 919w, https:\/\/myriamferron.com\/wp-content\/uploads\/2022\/11\/1-p-ese-572x429.jpg 572w\" sizes=\"auto, (max-width: 504px) 100vw, 504px\" \/><\/figure>\n<\/div>\n\n<p><span style=\"font-size: 10pt;\"><strong>Comment la r\u00e9flexologie s&rsquo;int\u00e8gre en entreprise dans son programme de QVT (Qualit\u00e9 de Vie au Travail) :<br \/><\/strong><\/span><span style=\"font-size: 10pt;\">La QVT, c\u2019est consid\u00e9rer le bien \u00eatre (physique, mental et social) au travail, comme un des facteurs d\u00e9terminant de la qualit\u00e9 durable dans l\u2019organisation de la prise en charge et de la performance globale. La qualit\u00e9 de vie au travail se d\u00e9finit par diff\u00e9rents crit\u00e8res tels que la qualit\u00e9 des relations sociales et de travail, les possibilit\u00e9s de r\u00e9alisation et de d\u00e9veloppement professionnels, l&rsquo;organisation du travail, son contenu, la conciliation entre vie professionnelle et vie priv\u00e9e&#8230;<\/span><\/p>\n<p><span style=\"font-size: 10pt;\">Cette QVT est bien un des facteurs de performance et d&rsquo;innovation dans l&rsquo;entreprise.<\/span><\/p>\n<p><span style=\"font-size: 10pt;\">La r\u00e9flexologie est une r\u00e9ponse aux risques psychosociaux et apporte bien-\u00eatre au travail.<\/span><\/p>\n<p><span style=\"font-size: 10pt;\"><strong>Ce qu&rsquo;apporte la r\u00e9flexologie \u00e0 vos salari\u00e9s :<br \/><\/strong><\/span><span style=\"font-size: 10pt;\">. meilleure cr\u00e9ativit\u00e9, initiative et productivit\u00e9<\/span><br \/><span style=\"font-size: 10pt;\"> . am\u00e9lioration des relations sociales et de travail<\/span><br \/><span style=\"font-size: 10pt;\"> . accompagnement lors de p\u00e9riodes de stress<\/span><\/p>\n<p><span style=\"font-size: 10pt;\"><strong>Comment ?<br \/><\/strong>La r\u00e9flexologie est une technique manuelle naturelle d&rsquo;accompagnement et pr\u00e9ventive de bien-\u00eatre. Elle prend en compte le salari\u00e9 dans sa globalit\u00e9 en r\u00e9pondant \u00e0 son besoin de d\u00e9tente, de motivation et d&rsquo;efficacit\u00e9 professionnelle :<\/span><\/p>\n<p><span style=\"font-size: 10pt;\">. d\u00e9tente physique et nerveuse<\/span><br \/><span style=\"font-size: 10pt;\"> . vitalit\u00e9 retrouv\u00e9e<\/span><br \/><span style=\"font-size: 10pt;\"> . favorise l&rsquo;hom\u00e9ostasie (l&rsquo;\u00e9quilibre du m\u00e9tabolisme)<\/span><br \/><span style=\"font-size: 10pt;\"> . permet le l\u00e2cher prise, prise de recul pour mieux agir et r\u00e9agir<\/span><\/p>\n<p><strong>L&rsquo;organisation ?<br \/><\/strong>. s\u00e9ances de 20 ou 30 minutes par collaborateur<br \/>. r\u00e9flexologie plantaire ou faciale &amp; cr\u00e2nienne ou palmaire<br \/>. intervention \u00e0 la demi-journ\u00e9e ou \u00e0 la journ\u00e9e<\/p>\n<p><strong>La logistique ?<br \/><\/strong>J&rsquo;ai besoin d&rsquo;une salle calme et ferm\u00e9e ainsi que d&rsquo;une chaise, pour le reste je m&rsquo;en occupe !<\/p>\n<p>N&rsquo;h\u00e9sitez pas \u00e0 me contacter pour en discuter : 06 30 85 83 14 ou <a href=\"mailto:myriamferron@hotmail.com\">myriamferron@hotmail.com<\/a><\/p>","protected":false},"excerpt":{"rendered":"<p>Comment la r\u00e9flexologie s&rsquo;int\u00e8gre en entreprise dans son programme de QVT (Qualit\u00e9 de Vie au Travail) :La QVT, c\u2019est consid\u00e9rer le bien \u00eatre (physique, mental et social) au travail, comme un des facteurs d\u00e9terminant de la qualit\u00e9 durable dans l\u2019organisation de la prise en charge et de la performance globale. La qualit\u00e9 de vie au [&hellip;]<\/p>\n","protected":false},"author":1,"featured_media":0,"parent":0,"menu_order":0,"comment_status":"closed","ping_status":"closed","template":"","meta":{"footnotes":""},"class_list":["post-524","page","type-page","status-publish","hentry"],"_links":{"self":[{"href":"https:\/\/myriamferron.com\/index.php\/wp-json\/wp\/v2\/pages\/524","targetHints":{"allow":["GET"]}}],"collection":[{"href":"https:\/\/myriamferron.com\/index.php\/wp-json\/wp\/v2\/pages"}],"about":[{"href":"https:\/\/myriamferron.com\/index.php\/wp-json\/wp\/v2\/types\/page"}],"author":[{"embeddable":true,"href":"https:\/\/myriamferron.com\/index.php\/wp-json\/wp\/v2\/users\/1"}],"replies":[{"embeddable":true,"href":"https:\/\/myriamferron.com\/index.php\/wp-json\/wp\/v2\/comments?post=524"}],"version-history":[{"count":11,"href":"https:\/\/myriamferron.com\/index.php\/wp-json\/wp\/v2\/pages\/524\/revisions"}],"predecessor-version":[{"id":1295,"href":"https:\/\/myriamferron.com\/index.php\/wp-json\/wp\/v2\/pages\/524\/revisions\/1295"}],"wp:attachment":[{"href":"https:\/\/myriamferron.com\/index.php\/wp-json\/wp\/v2\/media?parent=524"}],"curies":[{"name":"wp","href":"https:\/\/api.w.org\/{rel}","templated":true}]}}